er?
True
Is 208379719 composite?
False
Is 1509331 prime?
True
Is 2487179 a prime number?
False
Is 6340423 a composite number?
False
Is 3223621 a composite number?
False
Is 1988386 a prime number?
False
Is 5433851 a prime number?
False
Is 9079171 prime?
False
Is 285377 prime?
True
Is 7036921 a prime number?
True
Is 5067401 prime?
True
Is 16435945 prime?
False
Is 2087369 a composite number?
True
Is 26441153 prime?
True
Is 92012237 prime?
False
Is 10794467 a prime number?
False
Is 1443647 prime?
True
Is 1749833 composite?
False
Is 90238871 composite?
False
Is 2312797 a composite number?
True
Is 2837677 composite?
False
Is 3060411 prime?
False
Is 2719363 composite?
True
Is 1146647 composite?
True
Is 3288697 prime?
False
Is 2523211 a prime number?
True
Is 871565081 a composite number?
True
Is 22556101 composite?
True
Is 3875023 a composite number?
True
Is 212095603 a composite number?
False
Is 19123199 prime?
True
Is 10705343 composite?
True
Is 11471623 prime?
True
Is 6760361 prime?
False
Is 20767417 composite?
True
Is 30256507 prime?
False
Is 165961319 composite?
False
Is 14058857 a composite number?
False
Is 8083707 prime?
False
Is 1387602605 a composite number?
True
Is 28165261 a prime number?
True
Is 76992763 composite?
False
Is 50604137 composite?
True
Is 3022933 a prime number?
True
Is 59296709 a prime number?
True
Is 62842661 composite?
True
Is 1030985 a composite number?
True
Is 9169679 prime?
True
Is 2214617 composite?
True
Is 46212527 a prime number?
True
Is 25951339 prime?
True
Is 10367431 a prime number?
False
Is 97345023 composite?
True
Is 29291947 composite?
True
Is 486914473 a composite number?
True
Is 649183 composite?
False
Is 6400799 composite?
False
Is 289937 prime?
True
Is 35463677 prime?
False
Is 213713503 composite?
False
Is 245291 prime?
True
Is 93083503 a prime number?
True
Is 4534003 composite?
True
Is 9323133 a prime number?
False
Is 130627 composite?
True
Is 4741169 a prime number?
True
Is 17563731 prime?
False
Is 1173409 prime?
False
Is 21238843 a prime number?
True
Is 1348757 composite?
False
Is 1392497 a composite number?
False
Is 1971943 composite?
True
Is 10510531 a composite number?
False
Is 24279203 composite?
True
Is 13989058 a composite number?
True
Is 8136521 composite?
False
Is 5691641 composite?
False
Is 13903381 a prime number?
False
Is 10296089 prime?
True
Is 5555843 a prime number?
True
Is 10485191 prime?
True
Is 23967893 a prime number?
False
Is 151667 a prime number?
True
Is 4767667 prime?
False
Is 11042201 a prime number?
True
Is 28500287 prime?
True
Is 11974439 prime?
True
Is 71339929 a composite number?
False
Is 9961 a composite number?
True
Is 265046861 a composite number?
True
Is 29150707 a composite number?
False
Is 940399 a composite number?
False
Is 251950369 prime?
False
Is 3575357 a prime number?
True
Is 258540101 a prime number?
False
Is 2685857 a composite number?
True
Is 975509 a composite number?
False
Is 1666711 a prime number?
True
Is 500363 a composite number?
False
Is 3075781 a prime number?
False
Is 451161145 a composite number?
True
Is 248455739 a prime number?
False
Is 5038177 a composite number?
True
Is 65579467 composite?
True
Is 267888791 a prime number?
True
Is 7667111 a prime number?
True
Is 2474293 a prime number?
False
Is 340101637 a composite number?
True
Is 5473969 a prime number?
True
Is 11055227 a prime number?
False
Is 429773 a prime number?
True
Is 59415203 prime?
True
Is 3793721 composite?
True
Is 55768301 prime?
True
Is 22429463 composite?
True
Is 244262 prime?
False
Is 718429 prime?
False
Is 2639323 a prime number?
True
Is 1135853813 prime?
True
Is 318516157 a composite number?
True
Is 97529351 prime?
True
Is 8571529 prime?
True
Is 8684383 a composite number?
True
Is 39275201 a composite number?
True
Is 4123579 a prime number?
False
Is 24862477 prime?
False
Is 5683703 composite?
False
Is 16207577 composite?
False
Is 1349317 a composite number?
False
Is 9206585 prime?
False
Is 5499737 prime?
False
Is 588432281 a prime number?
False
Is 32533417 a prime number?
False
Is 13918893 a composite number?
True
Is 215051 a prime number?
True
Is 158312081 prime?
True
Is 1323779 prime?
True
Is 386602669 composite?
False
Is 4252411 a composite number?
True
Is 12442279 a composite number?
True
Is 7163749 a composite number?
True
Is 5531653 composite?
True
Is 1369229935 composite?
True
Is 342069599 a prime number?
True
Is 457782407 composite?
False
Is 139130827 a prime number?
False
Is 10220419 composite?
True
Is 85259807 prime?
True
Is 14831261 prime?
False
Is 159642501 prime?
False
Is 616919 a prime number?
False
Is 7791413 composite?
True
Is 175670003 composite?
False
Is 26675111 composite?
True
Is 3007705 prime?
False
Is 5381283 a composite number?
True
Is 21577921 a composite number?
False
Is 6359209 a prime number?
False
Is 57260581 a prime number?
False
Is 16318819 composite?
True
Is 8086093 composite?
True
Is 2560637 composite?
False
Is 1378061 a prime number?
True
Is 99358547 a composite number?
True
Is 186211 a prime number?
True
Is 9971687 composite?
True
Is 6983387 prime?
True
Is 60511627 a composite number?
True
Is 766286494 a composite number?
True
Is 1383653 a composite number?
False
Is 357214327 a prime number?
False
Is 21422627 a composite number?
False
Is 36367351 a prime number?
False
Is 8146081 a prime number?
False
Is 38762351 a composite number?
True
Is 160210969 a prime number?
False
Is 7927957 prime?
False
Is 4152331 prime?
False
Is 558149 composite?
False
Is 1524317 a composite number?
True
Is 22727639 prime?
False
Is 25711591 prime?
False
Is 5079026 prime?
False
Is 29023819 prime?
False
Is 11012737 a prime number?
False
Is 1304029 composite?
False
Is 27290803 composite?
False
Is 37625671 a composite number?
False
Is 528557 a composite number?
True
Is 8540939 a composite number?
True
Is 50594443 a composite number?
False
Is 3966503 prime?
True
Is 193244705 prime?
False
Is 71023679 prime?
True
Is 2103503 prime?
True
Is 3625801 composite?
True
Is 270139313 prime?
True
Is 213181382 a prime number?
False
Is 23826487 prime?
False
Is 17326393 composite?
True
Is 6339139 a composite number?
True
Is 18602939 a composite number?
False
Is 420997 prime?
True
Is 7602493 prime?
False
Is 14573899 prime?
True
Is 3853909 a prime number?
True
Is 4335739 a prime number?
True
Is 133889663 a prime number?
False
Is 125061239 a composite number?
False
Is 63407317 prime?
True
Is 1754509 composite?
True
Is 88577 composite?
True
Is 8853395 composite?
True
Is 8590821 composite?
True
Is 43238218 a composite number?
True
Is 25969862 composite?
True
Is 1738061093 a composite number?
False
Is 1429895 a prime number?
False
Is 186391 prime?
True
Is 381522361 a composite number?
True
Is 1476701 a prime number?
True
Is 1188156059 a composite number?
False
Is 2278417 prime?
False
Is 4316815 prime?
False
Is 29348569 a composite number?
False
Is 1752431 a prime number?
False
Is 6038323 a prime number?
False
Is 19530779 a composite number?
False
Is 364378211 composite?
False
Is 1496199 a composite number?
True
Is 9560231 prime?
True
Is 343163 a composite number?
False
Is 307600809 prime?
False
Is 267941 composite?
False
Is 80938577 a prime number?
True
Is 3854703 composite?
True
Is 64291341 composite?
True
Is 3762581 a composite number?
True
Is 2584355 a composite number?
True
Is 481619 prime?
True
Is 19658081 prime?
True
Is 34706807 a composite number?
False
Is 39054857 prime?
True
Is 12664433 a composite number?
True
Is 218692307 composite?
False
Is 342378629 a prime number?
True
Is 1693687 prime?
False
Is 14858719 a composite number?
True
Is 14147137 a composite number?
False
Is 314903 composite?
False
Is 6050201 a composite number?
False
Is 6455083 composite?
True
Is 229321 composite?
False
Is 122810591 composite?
False
Is 16817513 a composite number?
False
Is 9090391 prime?
True
Is 1787011 composite?
False
Is 35246011 prime?
True
Is 469493033 a prime number?
True
Is 961871 a prime number?
True
Is 941929 a prime number?
True
Is 3632623 a prime number?
False
Is 1966787 a prime number?
True
Is 582094073 a composite number?
True
Is 336408637 a composite number?
True
Is 10334139 composite?
True
Is 2527247 a composite number?
True
Is 92536357 prime?
False
Is 371430533 a prime number?
False
Is 1